{"id":3294,"date":"2017-04-06T11:47:47","date_gmt":"2017-04-06T10:47:47","guid":{"rendered":"http:\/\/mediateca.ravalnet.org\/capsules\/?page_id=3294"},"modified":"2017-04-06T11:47:47","modified_gmt":"2017-04-06T10:47:47","slug":"capsules-de-memoria","status":"publish","type":"page","link":"https:\/\/mediateca.ravalnet.org\/capsules\/capsules-de-memoria\/","title":{"rendered":"C\u00e0psules de mem\u00f2ria"},"content":{"rendered":"<p>C\u00e0psules de mem\u00f2ria es presenta com a proposta de projecte col\u00b7laboratiu i participatiu entre equipaments i entitats del barri, que vol donar resposta en especial als objectius que indiquem a continuaci\u00f3:<\/p>\n<ul>\n<li>atendre les necessitats formatives en l&#8217;entorn digital;<\/li>\n<li>donar valor a l&#8217;experi\u00e8ncia vital de la ciutadania com un element positiu i de refor\u00e7 de la identitat del barri.<\/li>\n<\/ul>\n<p>El projecte de la Mediateca del Raval es basa en <strong>la creaci\u00f3 col\u00b7lectiva d\u2019una mediateca participativa al Raval de Barcelona<\/strong>, que esdevingui una mem\u00f2ria activa, din\u00e0mica i viva de les hist\u00f2ries, mem\u00f2ries i representacions culturals dels diversos col\u00b7lectius, entitats i xarxes que formen part i configuren el barri.<\/p>\n<p><strong>La Mediateca del Raval vol ser un espai digital en l\u00ednia, viu i obert a la participaci\u00f3, elaborat amb eines de programari lliure<\/strong>.<\/p>\n<p>Arxivar, documentar i difondre les produccions visuals, sonores o audiovisuals que s\u2019han produ\u00eft i es produeixen, aix\u00ed com incentivar noves produccions -de forma directa o indirecta- resulta <strong>un repte que t\u00e9 com a resultat l\u2019intercanvi i el di\u00e0leg comunitari<\/strong>.<\/p>\n<p>La idea del projecte neix com a resultat del treball realitzat des de Ravalnet per part de l&#8217;equip t\u00e8cnic i les entitats i persones que han participat en l&#8217;arrancada de la Mediateca del Raval. Entesa com una estructura base a la disposici\u00f3 del ve\u00efnat i els projectes del barri i de la ciutat, vam voler posar en pr\u00e0ctica la idea de dur a terme un projecte que concret\u00e9s els \u00e0mbits de participaci\u00f3 i mostr\u00e9s com l&#8217;\u00fas i l&#8217;aprofitament de la Mediateca des d&#8217;una diversitat d&#8217;accions possibles la converteix en un recurs estable i viable a llarg termini.<\/p>\n<h2 lang=\"ca-ES\">Destinataris del projecte<\/h2>\n<p><strong>C\u00e0psules de mem\u00f2ria<\/strong> vol recollir experi\u00e8ncies, construir narratives des de la quotidianitat i posar en com\u00fa la diversitat de visions i experi\u00e8ncies de la <strong>gent gran del barri del Raval<\/strong>.<\/p>\n<p>Per a fer aix\u00f2 possible pensem en les eines de creaci\u00f3 audiovisual (v\u00eddeo, enregistrament de <span style=\"color: #000000;\">fonts orals<\/span>, reportatges fotogr\u00e0fics), amb l&#8217;objectiu <strong>d&#8217;apropar la gent gran a les possibilitats de prendre la paraula i controlar els mitjans de comunicaci\u00f3<\/strong>, <strong>d&#8217;esdevenir agents de la mem\u00f2ria<\/strong>, d&#8217;apropar el col\u00b7lectiu a la noci\u00f3 d&#8217;autoria i als processos de creaci\u00f3 audiovisual com a elements motivacionals. I pensem tamb\u00e9 en el suport web per a la publicaci\u00f3, la mostra i la difusi\u00f3 dels resultats dels tallers.<\/p>\n<h3>Objectiu general<\/h3>\n<p><strong>Aix\u00ed doncs, C\u00e0psules de mem\u00f2ria vol ser un mitj\u00e0 d&#8217;apropament de la gent gran a la realitzaci\u00f3 audiovisual i Internet, dit d&#8217;altra manera, un mitj\u00e0 de capacitaci\u00f3 tecnol\u00f2gica i d&#8217;educaci\u00f3 en comunicaci\u00f3, de transmissi\u00f3 de coneixements, i vol ser tamb\u00e9 un treball comunitari que afavoreixi l&#8217;acostament del col\u00b7lectiu de gent gran als equipaments, recursos i serveis del barri.<\/strong><\/p>\n","protected":false},"excerpt":{"rendered":"<p>C\u00e0psules de mem\u00f2ria es presenta com a proposta de projecte col\u00b7laboratiu i participatiu entre equipaments i entitats del barri, que vol donar resposta en especial als objectius que indiquem a continuaci\u00f3: atendre les necessitats formatives en l&#8217;entorn digital; donar valor a l&#8217;experi\u00e8ncia vital de la ciutadania com un element positiu i de refor\u00e7 de la&hellip;&nbsp;<a href=\"https:\/\/mediateca.ravalnet.org\/capsules\/capsules-de-memoria\/\" rel=\"bookmark\">Llegiu m\u00e9s &raquo;<span class=\"screen-reader-text\">C\u00e0psules de mem\u00f2ria<\/span><\/a><\/p>\n","protected":false},"author":1,"featured_media":0,"parent":0,"menu_order":0,"comment_status":"closed","ping_status":"closed","template":"","meta":{"neve_meta_sidebar":"","neve_meta_container":"","neve_meta_enable_content_width":"","neve_meta_content_width":0,"neve_meta_title_alignment":"","neve_meta_author_avatar":"","neve_post_elements_order":"","neve_meta_disable_header":"","neve_meta_disable_footer":"","neve_meta_disable_title":"","_themeisle_gutenberg_block_has_review":false,"footnotes":""},"class_list":["post-3294","page","type-page","status-publish","hentry"],"_links":{"self":[{"href":"https:\/\/mediateca.ravalnet.org\/capsules\/wp-json\/wp\/v2\/pages\/3294","targetHints":{"allow":["GET"]}}],"collection":[{"href":"https:\/\/mediateca.ravalnet.org\/capsules\/wp-json\/wp\/v2\/pages"}],"about":[{"href":"https:\/\/mediateca.ravalnet.org\/capsules\/wp-json\/wp\/v2\/types\/page"}],"author":[{"embeddable":true,"href":"https:\/\/mediateca.ravalnet.org\/capsules\/wp-json\/wp\/v2\/users\/1"}],"replies":[{"embeddable":true,"href":"https:\/\/mediateca.ravalnet.org\/capsules\/wp-json\/wp\/v2\/comments?post=3294"}],"version-history":[{"count":1,"href":"https:\/\/mediateca.ravalnet.org\/capsules\/wp-json\/wp\/v2\/pages\/3294\/revisions"}],"predecessor-version":[{"id":3295,"href":"https:\/\/mediateca.ravalnet.org\/capsules\/wp-json\/wp\/v2\/pages\/3294\/revisions\/3295"}],"wp:attachment":[{"href":"https:\/\/mediateca.ravalnet.org\/capsules\/wp-json\/wp\/v2\/media?parent=3294"}],"curies":[{"name":"wp","href":"https:\/\/api.w.org\/{rel}","templated":true}]}}