{"id":663,"date":"2012-10-23T01:38:07","date_gmt":"2012-10-22T23:38:07","guid":{"rendered":"http:\/\/mediateca.ravalnet.org\/cgbesports\/wp-content\/uploads\/\/sites\/3\/2011\/10\/Socis-Fundadors-1933.jpg"},"modified":"2012-10-23T01:38:07","modified_gmt":"2012-10-22T23:38:07","slug":"socis-fundadors-1933","status":"inherit","type":"attachment","link":"https:\/\/mediateca.ravalnet.org\/cgbesports\/2011\/10\/21\/socis-fundadors-del-cgb\/socis-fundadors-1933\/","title":{"rendered":"1933 &#8211; Socis Fundadors del CGB"},"author":25,"featured_media":0,"comment_status":"open","ping_status":"open","template":"","meta":{"neve_meta_sidebar":"","neve_meta_container":"","neve_meta_enable_content_width":"","neve_meta_content_width":0,"neve_meta_title_alignment":"","neve_meta_author_avatar":"","neve_post_elements_order":"","neve_meta_disable_header":"","neve_meta_disable_footer":"","neve_meta_disable_title":"","_themeisle_gutenberg_block_has_review":false},"class_list":["post-663","attachment","type-attachment","status-inherit","hentry"],"description":{"rendered":"<p class=\"attachment\"><a href='https:\/\/mediateca.ravalnet.org\/cgbesports\/wp-content\/uploads\/\/sites\/3\/2011\/10\/Socis-Fundadors-1933.jpg'><img loading=\"lazy\" decoding=\"async\" width=\"300\" height=\"217\" src=\"https:\/\/mediateca.ravalnet.org\/cgbesports\/wp-content\/uploads\/\/sites\/3\/2011\/10\/Socis-Fundadors-1933-300x217.jpg\" class=\"attachment-medium size-medium\" alt=\"Socis Fundadors del CGB que es vam reunir per portar a terme la seva i.lusi\u00f3 de Fundar un Gimn\u00e0s \u00fatil per a tothom al Barri del Raval.\" srcset=\"https:\/\/mediateca.ravalnet.org\/cgbesports\/wp-content\/uploads\/\/sites\/3\/2011\/10\/Socis-Fundadors-1933-300x217.jpg 300w, https:\/\/mediateca.ravalnet.org\/cgbesports\/wp-content\/uploads\/\/sites\/3\/2011\/10\/Socis-Fundadors-1933.jpg 900w\" sizes=\"auto, (max-width: 300px) 100vw, 300px\" \/><\/a><\/p>\n<p>Socis Fundadors del CGB que es vam reunir per portar a terme la seva i.lusi\u00f3 de Fundar un Gimn\u00e0s \u00fatil per a tothom al Barri del Raval. A la foto els veiem en les eines de travail . <\/p>\n"},"caption":{"rendered":"<p>Socis Fundadors del CGB que es vam reunir per portar a terme la seva i.lusi\u00f3 de Fundar un Gimn\u00e0s \u00fatil per a tothom al Barri del Raval. A la foto els veiem en les eines de travail .<\/p>\n"},"alt_text":"Socis Fundadors del CGB que es vam reunir per portar a terme la seva i.lusi\u00f3 de Fundar un Gimn\u00e0s \u00fatil per a tothom al Barri del Raval.","media_type":"image","mime_type":"image\/jpeg","media_details":{"width":900,"height":651,"hwstring_small":"height='93' width='128'","file":"2011\/10\/Socis-Fundadors-1933.jpg","sizes":{"thumbnail":{"file":"Socis-Fundadors-1933-150x150.jpg","width":"150","height":"150","source_url":"https:\/\/mediateca.ravalnet.org\/cgbesports\/wp-content\/uploads\/\/sites\/3\/2011\/10\/Socis-Fundadors-1933-150x150.jpg"},"medium":{"file":"Socis-Fundadors-1933-300x217.jpg","width":"300","height":"217","source_url":"https:\/\/mediateca.ravalnet.org\/cgbesports\/wp-content\/uploads\/\/sites\/3\/2011\/10\/Socis-Fundadors-1933-300x217.jpg"},"featured":{"file":"Socis-Fundadors-1933-780x250.jpg","width":"780","height":"250","source_url":"https:\/\/mediateca.ravalnet.org\/cgbesports\/wp-content\/uploads\/\/sites\/3\/2011\/10\/Socis-Fundadors-1933-780x250.jpg"},"post-thumbnail":{"file":"Socis-Fundadors-1933-900x651.jpg","width":900,"height":651,"mime_type":"image\/jpeg","source_url":"https:\/\/mediateca.ravalnet.org\/cgbesports\/wp-content\/uploads\/\/sites\/3\/2011\/10\/Socis-Fundadors-1933-900x651.jpg"},"full":{"file":"Socis-Fundadors-1933.jpg","width":900,"height":651,"mime_type":"image\/jpeg","source_url":"https:\/\/mediateca.ravalnet.org\/cgbesports\/wp-content\/uploads\/\/sites\/3\/2011\/10\/Socis-Fundadors-1933.jpg"}},"image_meta":{"aperture":"0","credit":"","camera":"","caption":"","created_timestamp":"0","copyright":"","focal_length":"0","iso":"0","shutter_speed":"0","title":"","orientation":"1","keywords":[]}},"post":327,"source_url":"https:\/\/mediateca.ravalnet.org\/cgbesports\/wp-content\/uploads\/\/sites\/3\/2011\/10\/Socis-Fundadors-1933.jpg","_links":{"self":[{"href":"https:\/\/mediateca.ravalnet.org\/cgbesports\/wp-json\/wp\/v2\/media\/663","targetHints":{"allow":["GET"]}}],"collection":[{"href":"https:\/\/mediateca.ravalnet.org\/cgbesports\/wp-json\/wp\/v2\/media"}],"about":[{"href":"https:\/\/mediateca.ravalnet.org\/cgbesports\/wp-json\/wp\/v2\/types\/attachment"}],"author":[{"embeddable":true,"href":"https:\/\/mediateca.ravalnet.org\/cgbesports\/wp-json\/wp\/v2\/users\/25"}],"replies":[{"embeddable":true,"href":"https:\/\/mediateca.ravalnet.org\/cgbesports\/wp-json\/wp\/v2\/comments?post=663"}],"wp:attached-to":[{"embeddable":true,"post_type":"post","id":327,"href":"https:\/\/mediateca.ravalnet.org\/cgbesports\/wp-json\/wp\/v2\/posts\/327"}],"curies":[{"name":"wp","href":"https:\/\/api.w.org\/{rel}","templated":true}]}}

<p class="attachment"><a href='https://mediateca.ravalnet.org/cgbesports/wp-content/uploads//sites/3/2011/10/Socis-Fundadors-1933.jpg'><img loading="lazy" decoding="async" width="300" height="217" src="https://mediateca.ravalnet.org/cgbesports/wp-content/uploads//sites/3/2011/10/Socis-Fundadors-1933-300x217.jpg" class="attachment-medium size-medium" alt="Socis Fundadors del CGB que es vam reunir per portar a terme la seva i.lusió de Fundar un Gimnàs útil per a tothom al Barri del Raval." srcset="https://mediateca.ravalnet.org/cgbesports/wp-content/uploads//sites/3/2011/10/Socis-Fundadors-1933-300x217.jpg 300w, https://mediateca.ravalnet.org/cgbesports/wp-content/uploads//sites/3/2011/10/Socis-Fundadors-1933.jpg 900w" sizes="auto, (max-width: 300px) 100vw, 300px" /></a></p>
<p>Socis Fundadors del CGB que es vam reunir per portar a terme la seva i.lusió de Fundar un Gimnàs útil per a tothom al Barri del Raval. A la foto els veiem en les eines de travail . </p>

<p>Socis Fundadors del CGB que es vam reunir per portar a terme la seva i.lusió de Fundar un Gimnàs útil per a tothom al Barri del Raval. A la foto els veiem en les eines de travail .</p>

Socis Fundadors del CGB que es vam reunir per portar a terme la seva i.lusió de Fundar un Gimnàs útil per a tothom al Barri del Raval.
