{"id":173,"date":"2014-12-09T09:24:09","date_gmt":"2014-12-09T08:24:09","guid":{"rendered":"http:\/\/mediateca.ravalnet.org\/senyalem\/?page_id=173"},"modified":"2022-08-12T08:42:27","modified_gmt":"2022-08-12T07:42:27","slug":"mapa","status":"publish","type":"page","link":"https:\/\/mediateca.ravalnet.org\/senyalem\/mapa\/","title":{"rendered":"Mapa"},"content":{"rendered":"\t\t<div id=\"maps-marker-pro-f4bd14e6\" class=\"maps-marker-pro mmp-list-right\" style=\"width: 100%;\">\r\n\t\t\t<div id=\"mmp-map-wrap-f4bd14e6\" class=\"mmp-map-wrap\">\r\n\t\t\t\t\t\t\t\t\t<div id=\"mmp-panel-f4bd14e6\" class=\"mmp-panel\"><\/div>\r\n\t\t\t\t\t\t\t\t<div id=\"mmp-map-f4bd14e6\" class=\"mmp-map\" style=\"height: 600px;\"><\/div>\r\n\t\t\t\t\t\t\t<\/div>\r\n\t\t\t\t\t\t\t<div id=\"mmp-list-f4bd14e6\" class=\"mmp-list\" style=\"flex-basis: 200px;\"><\/div>\r\n\t\t\t\t\t<\/div>\r\n\t\t\n\n\n\n<p>Podem accedir al mapa a pantalla completa al seg\u00fcent enlla\u00e7:<\/p>\n\n\n\n<h3 class=\"wp-block-heading\">&gt;&gt; <span style=\"color: #ff6600;\"><a title=\"Mapa senyalem\" href=\"https:\/\/mediateca.ravalnet.org\/senyalem\/wp-content\/plugins\/leaflet-maps-marker\/leaflet-fullscreen.php?layer=1\"><span style=\"color: #ff6600;\">mapa digital de senyalem la mem\u00f2ria<\/span><\/a><\/span><\/h3>\n","protected":false},"excerpt":{"rendered":"<p>Podem accedir al mapa a pantalla completa al seg\u00fcent enlla\u00e7: &gt;&gt; mapa digital de senyalem la mem\u00f2ria<\/p>\n","protected":false},"author":3,"featured_media":0,"parent":0,"menu_order":0,"comment_status":"open","ping_status":"closed","template":"","meta":{"neve_meta_sidebar":"default","neve_meta_container":"full-width","neve_meta_enable_content_width":"off","neve_meta_content_width":70,"neve_meta_title_alignment":"center","neve_meta_author_avatar":"","neve_post_elements_order":"","neve_meta_disable_header":"on","neve_meta_disable_footer":"on","neve_meta_disable_title":"on","_themeisle_gutenberg_block_has_review":false,"footnotes":""},"class_list":["post-173","page","type-page","status-publish","hentry"],"_links":{"self":[{"href":"https:\/\/mediateca.ravalnet.org\/senyalem\/wp-json\/wp\/v2\/pages\/173","targetHints":{"allow":["GET"]}}],"collection":[{"href":"https:\/\/mediateca.ravalnet.org\/senyalem\/wp-json\/wp\/v2\/pages"}],"about":[{"href":"https:\/\/mediateca.ravalnet.org\/senyalem\/wp-json\/wp\/v2\/types\/page"}],"author":[{"embeddable":true,"href":"https:\/\/mediateca.ravalnet.org\/senyalem\/wp-json\/wp\/v2\/users\/3"}],"replies":[{"embeddable":true,"href":"https:\/\/mediateca.ravalnet.org\/senyalem\/wp-json\/wp\/v2\/comments?post=173"}],"version-history":[{"count":29,"href":"https:\/\/mediateca.ravalnet.org\/senyalem\/wp-json\/wp\/v2\/pages\/173\/revisions"}],"predecessor-version":[{"id":1197,"href":"https:\/\/mediateca.ravalnet.org\/senyalem\/wp-json\/wp\/v2\/pages\/173\/revisions\/1197"}],"wp:attachment":[{"href":"https:\/\/mediateca.ravalnet.org\/senyalem\/wp-json\/wp\/v2\/media?parent=173"}],"curies":[{"name":"wp","href":"https:\/\/api.w.org\/{rel}","templated":true}]}}