{"id":24,"date":"2013-07-02T10:39:20","date_gmt":"2013-07-02T09:39:20","guid":{"rendered":"http:\/\/mediateca.ravalnet.org\/senyalem\/?page_id=24"},"modified":"2015-03-13T13:54:41","modified_gmt":"2015-03-13T12:54:41","slug":"territoris-oblidats","status":"publish","type":"page","link":"https:\/\/mediateca.ravalnet.org\/senyalem\/territoris-oblidats\/","title":{"rendered":"Territoris Oblidats"},"content":{"rendered":"<p style=\"text-align: justify\"><a href=\"https:\/\/mediateca.ravalnet.org\/senyalem\/wp-content\/uploads\/sites\/6\/2013\/07\/punt_4_territoris.jpg\"><img decoding=\"async\" class=\"alignnone  wp-image-47\" alt=\"Imatge Territoris\" src=\"https:\/\/mediateca.ravalnet.org\/senyalem\/wp-content\/uploads\/sites\/6\/2013\/07\/punt_4_territoris-1024x396.jpg\" width=\"100%\" srcset=\"https:\/\/mediateca.ravalnet.org\/senyalem\/wp-content\/uploads\/\/sites\/6\/2013\/07\/punt_4_territoris-1024x396.jpg 1024w, https:\/\/mediateca.ravalnet.org\/senyalem\/wp-content\/uploads\/\/sites\/6\/2013\/07\/punt_4_territoris-300x116.jpg 300w, https:\/\/mediateca.ravalnet.org\/senyalem\/wp-content\/uploads\/\/sites\/6\/2013\/07\/punt_4_territoris-900x348.jpg 900w, https:\/\/mediateca.ravalnet.org\/senyalem\/wp-content\/uploads\/\/sites\/6\/2013\/07\/punt_4_territoris.jpg 1831w\" sizes=\"(max-width: 1024px) 100vw, 1024px\" \/><\/a><b><a href=\"http:\/\/www.territorisoblidats.org\/\">www.territorisoblidats.org<\/a><\/b><\/p>\n<p>Territoris Oblidats \u00a0\u00e9s una plataforma on es reflexiona sobre les relacions entre els espais en des\u00fas i \/ o en situaci\u00f3 d\u2019oblit a la ciutat; q\u00fcestionant les seves tipologies, els seus significats i les interaccions personals que els construeixen des de la identitat social-urbana i la mem\u00f2ria col\u00b7lectiva.<\/p>\n<p>La plataforma articula activitats que fomentin la interacci\u00f3 generacional i cultural en connexi\u00f3 amb la construcci\u00f3 de l\u2019espai p\u00fablic i la seva import\u00e0ncia en l\u2019entorn urb\u00e0, a partir d\u2019eines i contextos que es basen en la participaci\u00f3 i intervenci\u00f3 comunit\u00e0ria, en l\u2019art p\u00fablic i urb\u00e0, en el patrimoni material-immaterial i en territoris urbans.<\/p>\n<p>La nostra intenci\u00f3 \u00e9s aprofundir en la comprensi\u00f3 de la construcci\u00f3 de la ciutat, tant en la seva apropiaci\u00f3 com en la seva organitzaci\u00f3 f\u00edsica i simb\u00f2lica, buscant la participaci\u00f3 de la ciutadania i institucions relacionades. Des de Territoris Oblidats q\u00fcestionem aspectes relacionats amb la sostenibilitat, l\u2019accessibilitat i la necessitat de (re)pensar en el disseny urb\u00e0 per a l\u2019\u00fas de les persones, aix\u00ed com la import\u00e0ncia de la diversitat cultural, de la perspectiva de g\u00e8nere i de l\u2019urbanisme inclusiu.<\/p>\n<p><b>Som:\u00a0<\/b>Roberta de Carvalho | Marta Mari\u00f1o | Reinaldo Consoli<\/p>\n<p style=\"text-align: justify\">\n","protected":false},"excerpt":{"rendered":"<p>www.territorisoblidats.org Territoris Oblidats \u00a0\u00e9s una plataforma on es reflexiona sobre les relacions entre els espais en des\u00fas i \/ o en situaci\u00f3 d\u2019oblit a la ciutat; q\u00fcestionant les seves tipologies, els seus significats i les interaccions personals que els construeixen des de la identitat social-urbana i la mem\u00f2ria col\u00b7lectiva. La plataforma articula activitats que fomentin&hellip;&nbsp;<a href=\"https:\/\/mediateca.ravalnet.org\/senyalem\/territoris-oblidats\/\" rel=\"bookmark\">Llegiu m\u00e9s &raquo;<span class=\"screen-reader-text\">Territoris Oblidats<\/span><\/a><\/p>\n","protected":false},"author":74,"featured_media":0,"parent":0,"menu_order":3,"comment_status":"open","ping_status":"closed","template":"","meta":{"neve_meta_sidebar":"","neve_meta_container":"","neve_meta_enable_content_width":"","neve_meta_content_width":0,"neve_meta_title_alignment":"","neve_meta_author_avatar":"","neve_post_elements_order":"","neve_meta_disable_header":"","neve_meta_disable_footer":"","neve_meta_disable_title":"","_themeisle_gutenberg_block_has_review":false,"footnotes":""},"class_list":["post-24","page","type-page","status-publish","hentry"],"_links":{"self":[{"href":"https:\/\/mediateca.ravalnet.org\/senyalem\/wp-json\/wp\/v2\/pages\/24","targetHints":{"allow":["GET"]}}],"collection":[{"href":"https:\/\/mediateca.ravalnet.org\/senyalem\/wp-json\/wp\/v2\/pages"}],"about":[{"href":"https:\/\/mediateca.ravalnet.org\/senyalem\/wp-json\/wp\/v2\/types\/page"}],"author":[{"embeddable":true,"href":"https:\/\/mediateca.ravalnet.org\/senyalem\/wp-json\/wp\/v2\/users\/74"}],"replies":[{"embeddable":true,"href":"https:\/\/mediateca.ravalnet.org\/senyalem\/wp-json\/wp\/v2\/comments?post=24"}],"version-history":[{"count":9,"href":"https:\/\/mediateca.ravalnet.org\/senyalem\/wp-json\/wp\/v2\/pages\/24\/revisions"}],"predecessor-version":[{"id":362,"href":"https:\/\/mediateca.ravalnet.org\/senyalem\/wp-json\/wp\/v2\/pages\/24\/revisions\/362"}],"wp:attachment":[{"href":"https:\/\/mediateca.ravalnet.org\/senyalem\/wp-json\/wp\/v2\/media?parent=24"}],"curies":[{"name":"wp","href":"https:\/\/api.w.org\/{rel}","templated":true}]}}